. Let w(o) = o**2 - 16*o - 4. Let n be w(15). Let x = 41 - n. What is the greatest common factor of x and m?
12
Let g(h) = 5*h**2 - h - 2. Let n be g(-1). Suppose 0 + 7 = 2*u + y, 3*u - n*y = 27. Suppose v = u + 3. Calculate the greatest common divisor of v and 8.
8
Suppose -4*y = -s + 21, -6*s + 75 = -s - 5*y. Let q be (20/25)/((-2)/(-130)). What is the greatest common divisor of q and s?
13
Let a(q) = 10*q - q**2 + 0 + 4 - 10. Let y be a(7). Suppose -322 = -4*l + 158. What is the greatest common divisor of l and y?
15
Let w(k) = -k**3 + 20*k**2 + k + 2. Let x be w(20). Let a = x - 20. Calculate the greatest common factor of 18 and a.
2
Let p be 3 + ((-4)/(-5))/(6/15). Suppose 0 = p*i + 5*l - 355, -66 = -i + 5*l - 13. Let n = 291 - 121. What is the highest common factor of i and n?
34
Let f be -28*-5*4/16. Let w = 63 - f. Let y(r) = 7*r**3 + r**2 - r. Let x be y(1). Calculate the greatest common divisor of w and x.
7
Let v(c) = c**3 - 6*c**2 + c - 3. Suppose -36 = -5*o - o. Let i be v(o). What is the highest common factor of i and 33?
3
Let h be (192/20)/(9/120). Let w(p) = -p**2 + 29*p - 38. Let l be w(27). What is the greatest common factor of l and h?
16
Suppose 10*u + 114 = 12*u + 2*o, -4*u = o - 219. What is the highest common divisor of 189 and u?
27
Let w = 78 - 49. Calculate the highest common divisor of 783 and w.
29
Let j(d) = -d**2 - 2*d + 72. Suppose 0 = n - n - 11*n. Let q be j(n). Calculate the highest common factor of q and 12.
12
Suppose -5*t + 4*o + 20 = 0, -2*t + 4*t + 5*o = 41. Let p be 2*(-12 + 9 + (3 - -2)). What is the highest common factor of t and p?
4
Let q = 0 + 6. Let h = q + -5. Let m = 5 + h. Calculate the greatest common factor of m and 12.
6
Let f = 316 - 218. Calculate the highest common divisor of f and 49.
49
Let k(u) = u**3 + 3*u**2 + 2. Let g be k(-3). Let m be (2 + 1)*g/6. Let n be 0 + 1 + 10 + m. What is the greatest common factor of 12 and n?
12
Suppose 3*p + 0*p - 60 = 0. Suppose -p = 4*z + 12. Let g = 10 + z. What is the highest common factor of g and 14?
2
Let y be (90/(-20))/((-9)/24). What is the greatest common divisor of 114 and y?
6
Let u be (38/6)/(38/114) - -6. What is the greatest common divisor of u and 2575?
25
Let z = 155 + -123. What is the highest common divisor of 4 and z?
4
Suppose 119 = 4*v - 5*r, 5*v + 5*r - 85 - 120 = 0. What is the greatest common divisor of 60 and v?
12
Let h be ((-8)/(-5))/((-6)/(-15)). Suppose -n - 60 = -h*n. Calculate the highest common divisor of 40 and n.
20
Suppose n = 5*g - 1, -3*g - n + 0*n + 7 = 0. Suppose 7 = 2*z - g. Calculate the highest common divisor of 12 and z.
4
Let w be (-87)/(-27) + -3 - 136/144*-256. Let y = -3 - -5. Suppose -y*z = 2*z - 88. What is the highest common divisor of w and z?
22
Suppose 5*n = 16*u - 18*u + 116, 4*n - 273 = -5*u. Calculate the highest common divisor of u and 159.
53
Let z be -3 - (-2 - 2 - 53). Let d be (70/6)/7*z. Calculate the greatest common factor of 10 and d.
10
Suppose 0 = 4*t + 104 - 264. Suppose -5*m + i + 0*i = 1, m + 4*i - 4 = 0. Suppose m = -12*y + 17*y - 50. What is the greatest common factor of t and y?
10
Let p = 379 + -369. Calculate the greatest common factor of 230 and p.
10
Let w be (195/26 - 6)*(-68)/(-6). What is the greatest common factor of 2329 and w?
17
Let n(b) = -b**2 + 2*b + 17. Let g be n(0). Let j = 378 + -225. What is the highest common factor of j and g?
17
Let u = 17 + -10. Let z = -218 - -295. Calculate the highest common divisor of z and u.
7
Suppose 0 = -9*q + 6210 + 2601. What is the highest common factor of 11 and q?
11
Let x(i) = i**3 + 5*i**2 + 3*i - 1. Let u be x(-3). Suppose 62 = 2*q + 29*q. What is the greatest common divisor of q and u?
2
Let s(g) = 3*g**3 - 6*g**2 - 4*g - 1. Let c be s(3). Let r(n) = 8*n + 5. Let f be r(2). What is the highest common factor of f and c?
7
Let b(x) = 224*x + 18. Let k be b(0). Let s be (10 - 1)*(0 + -3). Let r be (-3 - -4)/((-1)/s). Calculate the greatest common factor of r and k.
9
Suppose -3*c = c + 4*n - 760, -2*n - 10 = 0. Suppose -4*k - c = -17*k. Calculate the highest common factor of k and 5.
5
Let a(u) = -u - 2. Let q be a(-6). Let x(j) = -j + 5. Let w be x(4). Let d be -31*w/(-1) + 1. What is the greatest common factor of d and q?
4
Suppose 67*p - 65*p = -3*z + 30, 0 = -p + z + 10. Calculate the highest common divisor of p and 42.
6
Let s(b) = b**2 - 18*b + 6. Let h be s(17). Let a be 126/(-24)*(h - -3). What is the highest common divisor of a and 6?
6
Suppose -2*t + 2 = -t. Suppose 53 + t = 5*v. Let x be -2*-99*3/6. What is the greatest common divisor of v and x?
11
Let h be 1*66/(-2) + 3. Suppose -5*v - 285 = -5*b, 0 = 5*b + 2*v + v - 261. Let s = h + b. Calculate the highest common divisor of s and 16.
8
Let l = 3 + 10. Suppose -l*n = -6*n - 14. Let x be 2/(4/38) - 1. What is the greatest common factor of n and x?
2
Let m(s) be the first derivative of -s**4/4 - 5*s**3/3 - 3*s**2/2 - 7. Let x be m(-4). Let b be -20*(1*x)/8. What is the greatest common divisor of 4 and b?
2
Let c(l) = 14*l + 141. Let w be c(-8). What is the greatest common divisor of 493 and w?
29
Suppose -3*o + 42 = 3*r, -o + 3*r + 29 = -r. Suppose 59*n + 3 = 58*n, 70 = p + 5*n. What is the highest common factor of o and p?
17
Suppose 0 = -2*c - 5*a + 97, -2 = -a + 1. Suppose 5*u + n - c = 3, 4*u + 4*n - 48 = 0. Suppose 0*w = w - 72. What is the greatest common factor of w and u?
8
Let b(i) = -i**3 + 343. Let k be b(0). What is the greatest common divisor of 98 and k?
49
Let c be ((-6)/15)/(5/(-25)). Suppose c*v = 4*t - 268, t + 730 = -5*v - t. Let l = -40 - v. What is the greatest common factor of 26 and l?
26
Let w be (2*(-1)/3)/(6/99). Let j be 55/w + 17 + 2. Calculate the greatest common divisor of 14 and j.
14
Let d be 25 - (-2)/((-2)/(-5)). Calculate the greatest common divisor of d and 135.
15
Let r(q) = 9*q + 18. Let t be r(10). Calculate the highest common divisor of 12 and t.
12
Let z = 665 + 28. What is the greatest common divisor of 66 and z?
33
Suppose -3*l + 117 = 3*s, 0 = 2*l + 2*s - 7*s - 92. Calculate the greatest common factor of 328 and l.
41
Let v(m) = m**2 + 21*m + 5. Let o be v(-21). What is the highest common divisor of o and 37?
1
Suppose 361*u + 1530 = 367*u. What is the highest common factor of 15 and u?
15
Let w = 9 - 6. Let g(b) = 2*b + 16. Let s be g(w). Let t = -49 - -82. Calculate the highest common divisor of s and t.
11
Let h(i) = 3*i**3 - 4*i**2 + 2*i - 6. Let u be h(3). Let t = -28 + u. What is the highest common divisor of 17 and t?
17
Suppose -3*z + 739 = -4*p - 694, -958 = -2*z + 4*p. What is the greatest common divisor of z and 25?
25
Let k = -944 - -1049. What is the greatest common divisor of 63 and k?
21
Let o(g) = -g**2 + 9*g - 8. Let i be (8/(-10))/((-6)/45). Let x be o(i). Let t be (-8)/2 - -1*x. Calculate the greatest common divisor of t and 6.
6
Let g be 10/(-2)*(11 + -9 + -4). Calculate the greatest common factor of 1 and g.
1
Suppose 3*p = -3*u - 3, -2*u - 2*u - 7 = p. Let t be (u - -1)/((-3)/42). Let g be 1503/36 - 2/(-8). What is the greatest common divisor of g and t?
14
Let m be (-2)/3 + (-196)/(-6). Let r = m + -2. Let t(i) = 46*i**3 - 7*i + 6. Let y be t(1). What is the highest common factor of y and r?
15
Suppose -2*m + 6*m + 21 = -b, 2*b - 3 = m. Let n be (38/(-3))/(b/(-3) + -1). Calculate the highest common divisor of 95 and n.
19
Suppose 0 = -5*g - 10, 29 = 2*n - 5*g - 149. Calculate the highest common divisor of n and 12.
12
Suppose -q - 60 = 4*j, -2*j + 15 = -3*j - 3*q. Let m = j - -73. Suppose m = 3*g + 5*t - 3*t, -4*g - t = -84. What is the greatest common divisor of g and 154?
22
Let g = -4786 + 6907. What is the greatest common divisor of g and 21?
21
Suppose -3*k + x + 6 = 2*x, k - 2 = 3*x. Let v(s) = 25*s - 5. Let j be v(k). Calculate the greatest common factor of 18 and j.
9
Let c = -11 + 14. Suppose -4*t - 4*k + 120 = 0, 0 = t - 3*t - c*k + 55. Let u be (-4)/28 - (-355)/t. What is the greatest common divisor of 50 and u?
10
Let a(z) = -143*z + 733. Let b be a(5). Let n be 3*4/6 + 4. Calculate the greatest common divisor of n and b.
6
Suppose 0 = 11*j + 269 - 764. What is the highest common divisor of j and 27?
9
Suppose -272*g = -269*g - 18. Calculate the highest common divisor of 10 and g.
2
